 Let r be p(k). What is the highest common factor of 10 and r?
10
Suppose -5*y + x = -11, 0 = 2*y + 4*x + 2 - 24. Let h be (-22)/(-4)*(5 - y). Calculate the greatest common divisor of 11 and h.
11
Let q(i) = -4*i + 9. Let u be q(6). Let j be (30/(-4))/(u/50). Calculate the highest common factor of 125 and j.
25
Let s be (-420)/24*(-24)/14. Calculate the greatest common factor of 50 and s.
10
Let x = 46 + 17. Suppose -3*m + 138 = 3*j, -3*m + 2*j + 114 = -j. Calculate the highest common divisor of m and x.
21
Suppose 2 = -5*x + 22. Suppose 2*t + 40 = 5*m, x*t - 24 = -0*m - 3*m. Let f(d) = 2*d**2 + 3*d. Let z be f(-2). Calculate the greatest common factor of z and m.
2
Let h = -404 - -693. What is the greatest common divisor of h and 17?
17
Suppose 5*w - 242 = 253. Let l = 113 - 104. Calculate the highest common factor of l and w.
9
Let h be (6/9)/((-1)/(-72)). Let o be h/5 - (-8)/20. Let g be (3*3)/(2/o). What is the greatest common factor of 5 and g?
5
Let s(g) = g - 1. Let u be s(5). Let h be ((-138)/24)/((-1)/u). What is the highest common divisor of 253 and h?
23
Let x be ((-2 + 1)*4)/(-1). Calculate the highest common divisor of 16 and x.
4
Suppose -3*q - 81 = -4*v, 0 = -v + 3*q - 2*q + 19. What is the highest common divisor of v and 40?
8
Suppose -600 = -18*b + 13*b. Calculate the highest common factor of b and 24.
24
Let j be 21*(-1 + (-44)/(-6)). Suppose -t + 6 = -1. Let r be (3 + t/(-2))*-38. What is the greatest common divisor of j and r?
19
Let f = -23 + 51. Calculate the highest common divisor of 112 and f.
28
Let h(g) = -27*g**3 - g - 1. Let t be h(-1). Calculate the highest common factor of t and 297.
27
Suppose 0 = -3*u - 4*y + 7, -2*u + 1 = 3*y - 2. What is the greatest common factor of 63 and u?
9
Let l = -36 + 14. Let j = l - -32. Calculate the greatest common factor of j and 70.
10
Let h = 21 - 46. Let d = 55 + h. What is the highest common divisor of d and 75?
15
Let y(i) = -3*i - 25. Let u be y(-19). Calculate the highest common factor of u and 80.
16
Let c(q) = -q + 2. Let w be c(3). Let a be 60 - (5 - (-2)/w). What is the highest common divisor of a and 38?
19
Suppose 5*w - 52 - 3 = 0. What is the greatest common factor of 88 and w?
11
Let h = -15 - -180. Calculate the highest common divisor of 15 and h.
15
Let q = -14 - -17. Suppose 3*a - 25 = -i, 2*a - q*i - 45 = 2*i. What is the highest common divisor of a and 10?
10
Suppose 5*f + 12 = 47. Let x be (-27)/2 - (-2)/4. Let v = -6 - x. What is the greatest common factor of v and f?
7
Let a = -32 - -65. Let x = a - -72. What is the greatest common factor of 15 and x?
15
Let z(h) = h**2 + 9*h + 5. Suppose 0 = 3*a - 4*a - 15. Let n be z(a). Suppose 3*q - 95 = -2*q. What is the greatest common divisor of n and q?
19
Let i be (14 - 12) + 54 + 0. Let a = -4 - -9. Suppose -186 + i = -a*c. What is the greatest common divisor of c and 13?
13
Suppose -x = -4*x + 2*n + 27, 5*x = -3*n + 64. Suppose 593 = 5*u + 3*y, 2*y = -5*u - 0*u + 597. Calculate the highest common factor of x and u.
11
Let m(y) = 1 - 3*y + y**2 - 3 + 3. Let z be m(4). Suppose 0 = -2*q + z*v + 10, 5*q - 20 = q + 2*v. What is the greatest common factor of 5 and q?
5
Let b(d) = -2*d + 1. Let a(k) = -3*k + 2. Let w(v) = -3*a(v) + 4*b(v). Let p be w(-8). Let y be p/(-1) + (-2)/1. What is the greatest common factor of y and 16?
8
Let s(z) = -z + 26. Let v be s(15). What is the highest common divisor of v and 22?
11
Suppose 3*l + 6 = 0, 2*t - 260 = 5*l + 102. Let o be 2/(-4) + 90/4. Calculate the greatest common factor of t and o.
22
Suppose 9 = -4*c - 11. Let s be (8/c)/((-5)/125). Calculate the highest common divisor of 8 and s.
8
Suppose -t - 6*l = -11*l - 107, 5*t - 3*l = 579. What is the highest common divisor of t and 39?
39
Let m = 26 - 26. Suppose -3*z + 202 = 2*z + 2*s, 2*s - 2 = m. What is the greatest common factor of 20 and z?
20
Suppose d - 5 + 2 = 0. Let o = 8 - d. What is the greatest common factor of o and 5?
5
Suppose 6*n = -2*k + 3*n + 8, -4 = -k - n. Suppose -5*x + 4 + 3 = 4*l, -2*l - 7 = -x. Let f = 14 - l. Calculate the highest common factor of k and f.
4
Let m(o) = o**3 + 9*o**2 - 4*o + 8. Suppose -2*w - w = 24. Let q be m(w). What is the highest common factor of q and 13?
13
Let c be (-12)/(-4) - (3 + -1). Suppose -15 = -5*j, 0 = -2*m + j + 4 - c. Calculate the greatest common divisor of 27 and m.
3
Suppose -u + 0 = -4. Let x be 14/u*(-2 + 4). Let k = 44 + -23. What is the greatest common divisor of x and k?
7
Suppose 3*p = 5*n + 3 + 43, 0 = -p - 4*n - 13. Let s be (-2)/(-4)*42/1. What is the greatest common factor of p and s?
7
Let p = -13 + 22. Let s(w) = 45*w. Suppose -4*f + 5 - 1 = 0. Let n be s(f). What is the highest common factor of n and p?
9
Let z = 29 + -10. Let v = z - 9. What is the greatest common divisor of 15 and v?
5
Suppose 130 = 12*n + 22. Let v(z) = z**2 + 2. Let f be v(-4). Calculate the greatest common factor of f and n.
9
Suppose -265 = -5*h - 40. Calculate the highest common divisor of h and 9.
9
Suppose -535 = -5*r + 5*v, -3*v - 85 - 446 = -5*r. Calculate the highest common divisor of 15 and r.
15
Let r(d) = -d**2 + 11*d - 16. Let l be r(10). Let q(s) = s**3 + 8*s**2 + 6*s - 8. Let y be q(l). Calculate the highest common divisor of 7 and y.
7
Let i be 4/(-1) + 3 - -123. Let m be i/18 - 6/(-27). What is the highest common factor of 77 and m?
7
Suppose 4*p - 3*d = 774, 11*d - 374 = -2*p + 6*d. Calculate the greatest common factor of 24 and p.
24
Suppose 0*i + i + 2 = 0. Let u be (1 + 7 - i) + 1. Let n = 54 - -1. What is the greatest common divisor of u and n?
11
Let u(x) = x**3 + 15*x**2 + 12*x + 2. Let k be u(-14). Let l be (14 - -1)/(2/6). Calculate the greatest common divisor of l and k.
15
Let k = 2 + 0. Calculate the highest common divisor of 10 and k.
2
Suppose 3*d = -16 + 100. Let b = d + -4. Suppose v = 4*v - b. Calculate the greatest common divisor of 20 and v.
4
Let c(o) = 2*o**2 + 2*o + 1. Let n be c(2). Suppose -199 = -3*d - 4. What is the highest common divisor of d and n?
13
Let o(v) = v**3 + 6*v**2 - 8*v - 1. Let a be o(-7). What is the greatest common factor of a and 6?
6
Suppose 8*v - 7*v - 153 = 0. What is the greatest common divisor of 17 and v?
17
Let h = 72 + -66. Calculate the greatest common factor of h and 24.
6
Let d(f) = f**3 + 6*f**2 - 7*f + 1. Let o be d(-7). Let l be (o + -61)/((-6)/8). What is the highest common factor of 10 and l?
10
Let t = -21 + 24. Calculate the highest common factor of t and 9.
3
Suppose 0 = -b + 3*b - 8. Suppose b = 4*d + 6*z - 2*z, z + 17 = 5*d. What is the highest common factor of d and 21?
3
Suppose 5*x = 56 - 16. Let i be 1/((x/18)/4). Let m be 66/(-4)*(-6)/i. Calculate the greatest common divisor of 88 and m.
11
Let r be (3 - 24/6) + 166. Calculate the greatest common divisor of 55 and r.
55
Let r = 8 - 95. Let q = -24 - r. What is the greatest common factor of 7 and q?
7
Let v(g) be the second derivative of g**4/12 - g**3 + g**2/2 + 2*g. Let i be v(9). Let z = i + -18. Calculate the greatest common factor of 40 and z.
10
Let n(t) = 2*t**2 + 5*t + 3. Let b be n(-3). Calculate the greatest common factor of b and 42.
6
Suppose -3*d + 0*d + 21 = 0. Calculate the greatest common divisor of d and 70.
7
Let n = -29 + -68. Let m = 174 + n. Let k = 17 + -10. What is the highest common divisor of m and k?
7
Let a(z) = -7*z**3 + z. Let g be a(1). Let w be (4/g)/((-4)/546). What is the highest common factor of 13 and w?
13
Let x(y) = 8*y + 1. Let o be x(1). Let l be (-56)/10*30/4. Let d = 60 + l. Calculate the highest common factor of o and d.
9
Suppose -2*p = 2*p - 16. Suppose l = t - 149, -3*t - p*l = -46 - 366. Calculate the greatest common divisor of t and 18.
18
Let y be (-2)/(-6)*(172 - 10). Let m(d) = 9*d**2. Let f be m(-2). What is the greatest common factor of y and f?
18
Let m(o) = -2*o**3 - 3*o**2 - 2*o + 1. Let a be m(-2). Let z be (-3 - -1)*a/(-2). Calculate the highest common divisor of 9 and z.
9
Let c = -23 + 34. Suppose -v - 1 = -4*o, -2*o - 8 = -v - o. Calculate the greatest common factor of v and c.
11
Let g = 2 + 1. Suppose 2*w - g*w = -121. What is the highest common factor of 11 and w?
11
Let u(q) = -q**2 - 7*q + 5. Let c be u(-8). Let z be (-50)/c*84/70. Suppose -2*i + i = -40. Calculate the greatest comm